{"id":1393,"date":"2018-05-16T17:12:04","date_gmt":"2018-05-16T15:12:04","guid":{"rendered":"https:\/\/www.difusio.cat\/?post_type=product&#038;p=1393"},"modified":"2018-06-21T20:29:01","modified_gmt":"2018-06-21T18:29:01","slug":"vall-del-calas","status":"publish","type":"product","link":"https:\/\/www.difusio.cat\/es\/producto\/vall-del-calas\/","title":{"rendered":"Vall del Cal\u00e0s"},"content":{"rendered":"<p>Varietats<br \/>\n50% Merlot<br \/>\n35% Garnatxa<br \/>\n15% Ull de llebre<br \/>\nElaboraci\u00f3:<br \/>\nTemperatura de fermentaci\u00f3 controlada (27-29\u00baC)<br \/>\nMaceraci\u00f3: 14-20 dies; les varietats es vinifiquen per separat.<br \/>\nInici de la fermentaci\u00f3 malol\u00e0ctica en tanc i finalitzaci\u00f3 en b\u00f3ta<br \/>\nEnvelliment:<br \/>\n12 mesos en b\u00f3tes franceses noves i d&#8217;1 any (228l);<br \/>\nTorrat mitj\u00e0 i lleuger<br \/>\nEnvelliment posterior en tanc durant 3 mesos abans d&#8217;embotellar<br \/>\nVinyes<br \/>\nGarnatxa vella de 30-60 anys<br \/>\nUll de llebre de 25 anys<br \/>\nMerlot de 8-12 anys<br \/>\nS\u00f2l: argila i granit, en terrasses<br \/>\nEl merlot \u00e9s plantat a una altitud de 550 m i \u00e9s l&#8217;\u00faltima varietat que es verema a Cap\u00e7anes, cosa que<br \/>\npermet un llarg cicle de vegetaci\u00f3.<br \/>\nVerema<br \/>\nManual<br \/>\nDe mitjan setembre a mitjan octubre<\/p>\n<p>&nbsp;<\/p>\n<p>Color vermell intens. Aromes complexos de fruita<br \/>\nmadura; molt especiat, amb un toc de vainilla.<br \/>\nMolt intens i concentrat. L&#8217;alcohol es troba<br \/>\nperfectament equilibrat amb una acidesa vibrant.<br \/>\nGaudeix d&#8217;una dol\u00e7or elegant i una excel\u00b7lent<br \/>\nestructura t\u00e0nnica.<\/p>\n","protected":false},"excerpt":{"rendered":"<p>Garnatxa<br \/>\nUll de llebre<br \/>\nMerlot<\/p>\n","protected":false},"featured_media":1396,"comment_status":"open","ping_status":"closed","template":"","meta":{"_acf_changed":false},"product_brand":[],"product_cat":[31,77],"product_tag":[],"class_list":{"0":"post-1393","1":"product","2":"type-product","3":"status-publish","4":"has-post-thumbnail","6":"product_cat-montsant","7":"product_cat-celler-de-capcanes","8":"description-off","10":"first","11":"instock","12":"shipping-taxable","13":"product-type-simple"},"acf":[],"yoast_head":"<!-- This site is optimized with the Yoast SEO plugin v27.1.1 - https:\/\/yoast.com\/product\/yoast-seo-wordpress\/ -->\n<title>Vall del Cal\u00e0s - DIFUSI\u00d3<\/title>\n<meta name=\"robots\" content=\"index, follow, max-snippet:-1, max-image-preview:large, max-video-preview:-1\" \/>\n<link rel=\"canonical\" href=\"https:\/\/www.difusio.cat\/es\/producto\/vall-del-calas\/\" \/>\n<meta property=\"og:locale\" content=\"es_ES\" \/>\n<meta property=\"og:type\" content=\"article\" \/>\n<meta property=\"og:title\" content=\"Vall del Cal\u00e0s - DIFUSI\u00d3\" \/>\n<meta property=\"og:description\" content=\"Garnatxa Ull de llebre Merlot\" \/>\n<meta property=\"og:url\" content=\"https:\/\/www.difusio.cat\/es\/producto\/vall-del-calas\/\" \/>\n<meta property=\"og:site_name\" content=\"DIFUSI\u00d3\" \/>\n<meta property=\"article:modified_time\" content=\"2018-06-21T18:29:01+00:00\" \/>\n<meta property=\"og:image\" content=\"https:\/\/www.difusio.cat\/wp-content\/uploads\/2018\/05\/Cap\u00e7anes-Val-del-Calas.jpg\" \/>\n\t<meta property=\"og:image:width\" content=\"1000\" \/>\n\t<meta property=\"og:image:height\" content=\"1000\" \/>\n\t<meta property=\"og:image:type\" content=\"image\/jpeg\" \/>\n<meta name=\"twitter:label1\" content=\"Tiempo de lectura\" \/>\n\t<meta name=\"twitter:data1\" content=\"1 minuto\" \/>\n<script type=\"application\/ld+json\" class=\"yoast-schema-graph\">{\"@context\":\"https:\/\/schema.org\",\"@graph\":[{\"@type\":\"WebPage\",\"@id\":\"https:\/\/www.difusio.cat\/es\/producto\/vall-del-calas\/\",\"url\":\"https:\/\/www.difusio.cat\/es\/producto\/vall-del-calas\/\",\"name\":\"Vall del Cal\u00e0s - DIFUSI\u00d3\",\"isPartOf\":{\"@id\":\"https:\/\/www.difusio.cat\/es\/#website\"},\"primaryImageOfPage\":{\"@id\":\"https:\/\/www.difusio.cat\/es\/producto\/vall-del-calas\/#primaryimage\"},\"image\":{\"@id\":\"https:\/\/www.difusio.cat\/es\/producto\/vall-del-calas\/#primaryimage\"},\"thumbnailUrl\":\"https:\/\/www.difusio.cat\/wp-content\/uploads\/2018\/05\/Cap\u00e7anes-Val-del-Calas.jpg\",\"datePublished\":\"2018-05-16T15:12:04+00:00\",\"dateModified\":\"2018-06-21T18:29:01+00:00\",\"breadcrumb\":{\"@id\":\"https:\/\/www.difusio.cat\/es\/producto\/vall-del-calas\/#breadcrumb\"},\"inLanguage\":\"es\",\"potentialAction\":[{\"@type\":\"ReadAction\",\"target\":[\"https:\/\/www.difusio.cat\/es\/producto\/vall-del-calas\/\"]}]},{\"@type\":\"ImageObject\",\"inLanguage\":\"es\",\"@id\":\"https:\/\/www.difusio.cat\/es\/producto\/vall-del-calas\/#primaryimage\",\"url\":\"https:\/\/www.difusio.cat\/wp-content\/uploads\/2018\/05\/Cap\u00e7anes-Val-del-Calas.jpg\",\"contentUrl\":\"https:\/\/www.difusio.cat\/wp-content\/uploads\/2018\/05\/Cap\u00e7anes-Val-del-Calas.jpg\",\"width\":1000,\"height\":1000},{\"@type\":\"BreadcrumbList\",\"@id\":\"https:\/\/www.difusio.cat\/es\/producto\/vall-del-calas\/#breadcrumb\",\"itemListElement\":[{\"@type\":\"ListItem\",\"position\":1,\"name\":\"Inici\",\"item\":\"https:\/\/www.difusio.cat\/es\/\"},{\"@type\":\"ListItem\",\"position\":2,\"name\":\"Productos\",\"item\":\"https:\/\/www.difusio.cat\/es\/shop\/\"},{\"@type\":\"ListItem\",\"position\":3,\"name\":\"Vall del Cal\u00e0s\"}]},{\"@type\":\"WebSite\",\"@id\":\"https:\/\/www.difusio.cat\/es\/#website\",\"url\":\"https:\/\/www.difusio.cat\/es\/\",\"name\":\"DIFUSI\u00d3\",\"description\":\"Somos distribuidores oficiales de vinos y cavas en la zona del Montseny. Ofrecemos asesoramiento para elaborar cartas de vinos y cavas, bodega propia.\",\"publisher\":{\"@id\":\"https:\/\/www.difusio.cat\/es\/#organization\"},\"potentialAction\":[{\"@type\":\"SearchAction\",\"target\":{\"@type\":\"EntryPoint\",\"urlTemplate\":\"https:\/\/www.difusio.cat\/es\/?s={search_term_string}\"},\"query-input\":{\"@type\":\"PropertyValueSpecification\",\"valueRequired\":true,\"valueName\":\"search_term_string\"}}],\"inLanguage\":\"es\"},{\"@type\":\"Organization\",\"@id\":\"https:\/\/www.difusio.cat\/es\/#organization\",\"name\":\"Difusi\u00f3 Gastron\u00f2mica S.L.\",\"url\":\"https:\/\/www.difusio.cat\/es\/\",\"logo\":{\"@type\":\"ImageObject\",\"inLanguage\":\"es\",\"@id\":\"https:\/\/www.difusio.cat\/es\/#\/schema\/logo\/image\/\",\"url\":\"https:\/\/www.difusio.cat\/wp-content\/uploads\/2018\/06\/Color1Pantone188.jpg\",\"contentUrl\":\"https:\/\/www.difusio.cat\/wp-content\/uploads\/2018\/06\/Color1Pantone188.jpg\",\"width\":369,\"height\":539,\"caption\":\"Difusi\u00f3 Gastron\u00f2mica S.L.\"},\"image\":{\"@id\":\"https:\/\/www.difusio.cat\/es\/#\/schema\/logo\/image\/\"}}]}<\/script>\n<!-- \/ Yoast SEO plugin. -->","yoast_head_json":{"title":"Vall del Cal\u00e0s - DIFUSI\u00d3","robots":{"index":"index","follow":"follow","max-snippet":"max-snippet:-1","max-image-preview":"max-image-preview:large","max-video-preview":"max-video-preview:-1"},"canonical":"https:\/\/www.difusio.cat\/es\/producto\/vall-del-calas\/","og_locale":"es_ES","og_type":"article","og_title":"Vall del Cal\u00e0s - DIFUSI\u00d3","og_description":"Garnatxa Ull de llebre Merlot","og_url":"https:\/\/www.difusio.cat\/es\/producto\/vall-del-calas\/","og_site_name":"DIFUSI\u00d3","article_modified_time":"2018-06-21T18:29:01+00:00","og_image":[{"width":1000,"height":1000,"url":"https:\/\/www.difusio.cat\/wp-content\/uploads\/2018\/05\/Cap\u00e7anes-Val-del-Calas.jpg","type":"image\/jpeg"}],"twitter_misc":{"Tiempo de lectura":"1 minuto"},"schema":{"@context":"https:\/\/schema.org","@graph":[{"@type":"WebPage","@id":"https:\/\/www.difusio.cat\/es\/producto\/vall-del-calas\/","url":"https:\/\/www.difusio.cat\/es\/producto\/vall-del-calas\/","name":"Vall del Cal\u00e0s - DIFUSI\u00d3","isPartOf":{"@id":"https:\/\/www.difusio.cat\/es\/#website"},"primaryImageOfPage":{"@id":"https:\/\/www.difusio.cat\/es\/producto\/vall-del-calas\/#primaryimage"},"image":{"@id":"https:\/\/www.difusio.cat\/es\/producto\/vall-del-calas\/#primaryimage"},"thumbnailUrl":"https:\/\/www.difusio.cat\/wp-content\/uploads\/2018\/05\/Cap\u00e7anes-Val-del-Calas.jpg","datePublished":"2018-05-16T15:12:04+00:00","dateModified":"2018-06-21T18:29:01+00:00","breadcrumb":{"@id":"https:\/\/www.difusio.cat\/es\/producto\/vall-del-calas\/#breadcrumb"},"inLanguage":"es","potentialAction":[{"@type":"ReadAction","target":["https:\/\/www.difusio.cat\/es\/producto\/vall-del-calas\/"]}]},{"@type":"ImageObject","inLanguage":"es","@id":"https:\/\/www.difusio.cat\/es\/producto\/vall-del-calas\/#primaryimage","url":"https:\/\/www.difusio.cat\/wp-content\/uploads\/2018\/05\/Cap\u00e7anes-Val-del-Calas.jpg","contentUrl":"https:\/\/www.difusio.cat\/wp-content\/uploads\/2018\/05\/Cap\u00e7anes-Val-del-Calas.jpg","width":1000,"height":1000},{"@type":"BreadcrumbList","@id":"https:\/\/www.difusio.cat\/es\/producto\/vall-del-calas\/#breadcrumb","itemListElement":[{"@type":"ListItem","position":1,"name":"Inici","item":"https:\/\/www.difusio.cat\/es\/"},{"@type":"ListItem","position":2,"name":"Productos","item":"https:\/\/www.difusio.cat\/es\/shop\/"},{"@type":"ListItem","position":3,"name":"Vall del Cal\u00e0s"}]},{"@type":"WebSite","@id":"https:\/\/www.difusio.cat\/es\/#website","url":"https:\/\/www.difusio.cat\/es\/","name":"DIFUSI\u00d3","description":"Somos distribuidores oficiales de vinos y cavas en la zona del Montseny. Ofrecemos asesoramiento para elaborar cartas de vinos y cavas, bodega propia.","publisher":{"@id":"https:\/\/www.difusio.cat\/es\/#organization"},"potentialAction":[{"@type":"SearchAction","target":{"@type":"EntryPoint","urlTemplate":"https:\/\/www.difusio.cat\/es\/?s={search_term_string}"},"query-input":{"@type":"PropertyValueSpecification","valueRequired":true,"valueName":"search_term_string"}}],"inLanguage":"es"},{"@type":"Organization","@id":"https:\/\/www.difusio.cat\/es\/#organization","name":"Difusi\u00f3 Gastron\u00f2mica S.L.","url":"https:\/\/www.difusio.cat\/es\/","logo":{"@type":"ImageObject","inLanguage":"es","@id":"https:\/\/www.difusio.cat\/es\/#\/schema\/logo\/image\/","url":"https:\/\/www.difusio.cat\/wp-content\/uploads\/2018\/06\/Color1Pantone188.jpg","contentUrl":"https:\/\/www.difusio.cat\/wp-content\/uploads\/2018\/06\/Color1Pantone188.jpg","width":369,"height":539,"caption":"Difusi\u00f3 Gastron\u00f2mica S.L."},"image":{"@id":"https:\/\/www.difusio.cat\/es\/#\/schema\/logo\/image\/"}}]}},"_links":{"self":[{"href":"https:\/\/www.difusio.cat\/es\/wp-json\/wp\/v2\/product\/1393","targetHints":{"allow":["GET"]}}],"collection":[{"href":"https:\/\/www.difusio.cat\/es\/wp-json\/wp\/v2\/product"}],"about":[{"href":"https:\/\/www.difusio.cat\/es\/wp-json\/wp\/v2\/types\/product"}],"replies":[{"embeddable":true,"href":"https:\/\/www.difusio.cat\/es\/wp-json\/wp\/v2\/comments?post=1393"}],"wp:featuredmedia":[{"embeddable":true,"href":"https:\/\/www.difusio.cat\/es\/wp-json\/wp\/v2\/media\/1396"}],"wp:attachment":[{"href":"https:\/\/www.difusio.cat\/es\/wp-json\/wp\/v2\/media?parent=1393"}],"wp:term":[{"taxonomy":"product_brand","embeddable":true,"href":"https:\/\/www.difusio.cat\/es\/wp-json\/wp\/v2\/product_brand?post=1393"},{"taxonomy":"product_cat","embeddable":true,"href":"https:\/\/www.difusio.cat\/es\/wp-json\/wp\/v2\/product_cat?post=1393"},{"taxonomy":"product_tag","embeddable":true,"href":"https:\/\/www.difusio.cat\/es\/wp-json\/wp\/v2\/product_tag?post=1393"}],"curies":[{"name":"wp","href":"https:\/\/api.w.org\/{rel}","templated":true}]}}

Vall del Calàs

<p>Varietats<br />
50% Merlot<br />
35% Garnatxa<br />
15% Ull de llebre<br />
Elaboració:<br />
Temperatura de fermentació controlada (27-29ºC)<br />
Maceració: 14-20 dies; les varietats es vinifiquen per separat.<br />
Inici de la fermentació malolàctica en tanc i finalització en bóta<br />
Envelliment:<br />
12 mesos en bótes franceses noves i d&#8217;1 any (228l);<br />
Torrat mitjà i lleuger<br />
Envelliment posterior en tanc durant 3 mesos abans d&#8217;embotellar<br />
Vinyes<br />
Garnatxa vella de 30-60 anys<br />
Ull de llebre de 25 anys<br />
Merlot de 8-12 anys<br />
Sòl: argila i granit, en terrasses<br />
El merlot és plantat a una altitud de 550 m i és l&#8217;última varietat que es verema a Capçanes, cosa que<br />
permet un llarg cicle de vegetació.<br />
Verema<br />
Manual<br />
De mitjan setembre a mitjan octubre</p>
<p>&nbsp;</p>
<p>Color vermell intens. Aromes complexos de fruita<br />
madura; molt especiat, amb un toc de vainilla.<br />
Molt intens i concentrat. L&#8217;alcohol es troba<br />
perfectament equilibrat amb una acidesa vibrant.<br />
Gaudeix d&#8217;una dolçor elegant i una excel·lent<br />
estructura tànnica.</p>

<!-- This site is optimized with the Yoast SEO plugin v27.1.1 - https://yoast.com/product/yoast-seo-wordpress/ -->
<title>Vall del Calàs - DIFUSIÓ</title>
<meta name="robots" content="index, follow, max-snippet:-1, max-image-preview:large, max-video-preview:-1" />
<link rel="canonical" href="https://www.difusio.cat/es/producto/vall-del-calas/" />
<meta property="og:locale" content="es_ES" />
<meta property="og:type" content="article" />
<meta property="og:title" content="Vall del Calàs - DIFUSIÓ" />
<meta property="og:description" content="Garnatxa Ull de llebre Merlot" />
<meta property="og:url" content="https://www.difusio.cat/es/producto/vall-del-calas/" />
<meta property="og:site_name" content="DIFUSIÓ" />
<meta property="article:modified_time" content="2018-06-21T18:29:01+00:00" />
<meta property="og:image" content="https://www.difusio.cat/wp-content/uploads/2018/05/Capçanes-Val-del-Calas.jpg" />
	<meta property="og:image:width" content="1000" />
	<meta property="og:image:height" content="1000" />
	<meta property="og:image:type" content="image/jpeg" />
<meta name="twitter:label1" content="Tiempo de lectura" />
	<meta name="twitter:data1" content="1 minuto" />
<script type="application/ld+json" class="yoast-schema-graph">{"@context":"https://schema.org","@graph":[{"@type":"WebPage","@id":"https://www.difusio.cat/es/producto/vall-del-calas/","url":"https://www.difusio.cat/es/producto/vall-del-calas/","name":"Vall del Calàs - DIFUSIÓ","isPartOf":{"@id":"https://www.difusio.cat/es/#website"},"primaryImageOfPage":{"@id":"https://www.difusio.cat/es/producto/vall-del-calas/#primaryimage"},"image":{"@id":"https://www.difusio.cat/es/producto/vall-del-calas/#primaryimage"},"thumbnailUrl":"https://www.difusio.cat/wp-content/uploads/2018/05/Capçanes-Val-del-Calas.jpg","datePublished":"2018-05-16T15:12:04+00:00","dateModified":"2018-06-21T18:29:01+00:00","breadcrumb":{"@id":"https://www.difusio.cat/es/producto/vall-del-calas/#breadcrumb"},"inLanguage":"es","potentialAction":[{"@type":"ReadAction","target":["https://www.difusio.cat/es/producto/vall-del-calas/"]}]},{"@type":"ImageObject","inLanguage":"es","@id":"https://www.difusio.cat/es/producto/vall-del-calas/#primaryimage","url":"https://www.difusio.cat/wp-content/uploads/2018/05/Capçanes-Val-del-Calas.jpg","contentUrl":"https://www.difusio.cat/wp-content/uploads/2018/05/Capçanes-Val-del-Calas.jpg","width":1000,"height":1000},{"@type":"BreadcrumbList","@id":"https://www.difusio.cat/es/producto/vall-del-calas/#breadcrumb","itemListElement":[{"@type":"ListItem","position":1,"name":"Inici","item":"https://www.difusio.cat/es/"},{"@type":"ListItem","position":2,"name":"Productos","item":"https://www.difusio.cat/es/shop/"},{"@type":"ListItem","position":3,"name":"Vall del Calàs"}]},{"@type":"WebSite","@id":"https://www.difusio.cat/es/#website","url":"https://www.difusio.cat/es/","name":"DIFUSIÓ","description":"Somos distribuidores oficiales de vinos y cavas en la zona del Montseny. Ofrecemos asesoramiento para elaborar cartas de vinos y cavas, bodega propia.","publisher":{"@id":"https://www.difusio.cat/es/#organization"},"potentialAction":[{"@type":"SearchAction","target":{"@type":"EntryPoint","urlTemplate":"https://www.difusio.cat/es/?s={search_term_string}"},"query-input":{"@type":"PropertyValueSpecification","valueRequired":true,"valueName":"search_term_string"}}],"inLanguage":"es"},{"@type":"Organization","@id":"https://www.difusio.cat/es/#organization","name":"Difusió Gastronòmica S.L.","url":"https://www.difusio.cat/es/","logo":{"@type":"ImageObject","inLanguage":"es","@id":"https://www.difusio.cat/es/#/schema/logo/image/","url":"https://www.difusio.cat/wp-content/uploads/2018/06/Color1Pantone188.jpg","contentUrl":"https://www.difusio.cat/wp-content/uploads/2018/06/Color1Pantone188.jpg","width":369,"height":539,"caption":"Difusió Gastronòmica S.L."},"image":{"@id":"https://www.difusio.cat/es/#/schema/logo/image/"}}]}</script>
<!-- / Yoast SEO plugin. -->

Vall del Calàs - DIFUSIÓ

DIFUSIÓ

https://www.difusio.cat/wp-content/uploads/2018/05/Capçanes-Val-del-Calas.jpg

Difusió Gastronòmica S.L.
